the prime factors of l?
2, 3
Let d be (2 - -1 - 2)*11. Let g = 3 - 0. Suppose -l - g = -d. What are the prime factors of l?
2
Suppose 55 = 7*c - 6*c. What are the prime factors of c?
5, 11
Suppose -4*c = -0*c + 28. Let n = 7 + c. Let m(o) = -o**2 + o + 3. List the prime factors of m(n).
3
Let h = -57 - -68. What are the prime factors of h?
11
Let l = 66 + 7. Suppose 0 = -3*m + l + 47. Suppose -7*x + 2*x + m = 0. List the prime factors of x.
2
Let n be 3/18 - 11/(-6). Suppose 0 = 3*i + n*i - 15. List the prime factors of i.
3
Let r be ((-3)/3 + 0)*-3. Suppose -l + f + 21 = -0*l, -4*l - r*f = -77. List the prime factors of l.
2, 5
Let i be (-2)/6 - 14/(-6). Suppose -2*f + 2 = -i. Suppose 2*s = -3*k - 2*s + 1, -f*k - 2*s = -4. What are the prime factors of k?
7
Let l(j) = j + 13. List the prime factors of l(-4).
3
Suppose 3*n - 280 = 2*c, 0 = n + 3*c + 2*c - 82. Let t = n - 47. What are the prime factors of t?
3, 5
List the prime factors of ((-27)/12)/((-33)/4664).
2, 3, 53
Let t(g) = -4*g**2 + 2. Let v be t(2). Let i = v + 26. What are the prime factors of i?
2, 3
Suppose h + 9 = 5*a - 3, a - 15 = -4*h. Let n = a - 3. Suppose 2*y + 5*o = 32, -o - 8 = -2*y - n*y. List the prime factors of y.
2, 3
Suppose -3*y = -6*y - 6, 4*q + 2*y = 8. Let m(a) = 4*a - a + q*a. What are the prime factors of m(1)?
2, 3
Suppose 5*o = 6*o. Let t(f) = -f**2 + f + 28. List the prime factors of t(o).
2, 7
Let d(l) = l**3 - 6*l**2 + 12*l - 11. List the prime factors of d(7).
2, 61
Suppose 3*k = -2*k + 20. List the prime factors of (-1)/(k/9)*-4.
3
Suppose 3*r - 5*r + 10 = 0. Suppose 3*j + r*l - 37 = 0, -6 = j + 2*l - 4*l. List the prime factors of j.
2
Suppose 8*p - 10*p = -44. List the prime factors of p.
2, 11
Let i = -9 - -40. What are the prime factors of i?
31
Let o(l) = -l**3 - 5*l**2 - l - 5. Let b be o(-5). Suppose x + 4 = b, 6*d - 202 = d - 2*x. What are the prime factors of d?
2, 3, 7
Let d(s) = 2*s**2 - 3*s + 101. List the prime factors of d(0).
101
Let w(k) = k + 24. What are the prime factors of w(0)?
2, 3
Let c = 4 + 0. Suppose 3*d = -6*a + 4*a + 46, c = -a. Let w = -11 + d. List the prime factors of w.
7
Suppose -4*x = 2*y - y - 18, x = -4. Let h = -51 + 34. Let n = h + y. What are the prime factors of n?
17
Let p = -5 - -6. Let c(l) = 11*l**3 - 2*l**2 + l. What are the prime factors of c(p)?
2, 5
Let u be (-1)/4 - 322/(-8). Suppose 4*d = 4*s + u, 3*d + 4*s = -2 + 11. What are the prime factors of d?
7
Suppose m + 6*u = 4*u, 5*u = -2*m. Suppose m*z + 23 = z. What are the prime factors of z?
23
Suppose 2*f + 6 = 0, h - f = -0*f + 19. What are the prime factors of h?
2
Suppose -3*i + 4*h + 0 = -34, 0 = h - 5. List the prime factors of i.
2, 3
Let q(a) = -17*a - 2. What are the prime factors of q(-4)?
2, 3, 11
Let y(t) = 8*t - 29. What are the prime factors of y(12)?
67
Let n = 314 - 208. What are the prime factors of n?
2, 53
Let v(l) = l**2 - 11*l - 15. Let f be v(13). List the prime factors of 0 + 0/(-2) + f.
11
Let n(b) = b**3 + 3*b**2 + 2. Let g be n(-3). Let u = g - -10. List the prime factors of u.
2, 3
Suppose -3*d = -0*d - 3, -2*z + d = -21. Suppose -2*w - 4*r + 28 = 0, 2*w - r - z = -2*w. Suppose -w*l - l = -40. What are the prime factors of l?
2
Suppose -3*w + 5*j = -282, -w + 2*j = -3*j - 104. List the prime factors of w.
89
Let v = -201 + 326. What are the prime factors of v?
5
Let w = -12 + 36. Let h = w - 43. Let n = -4 - h. List the prime factors of n.
3, 5
Let r(a) = -2*a**3 - a**2 + 3*a + 4. List the prime factors of r(-3).
2, 5
Let s be -1 - (1 - (0 - -18)). List the prime factors of (-10)/(-3)*24/s.
5
Let d(v) = -2*v - 7. Let w be d(-6). Suppose 0 = 5*k - w - 5. List the prime factors of (95/k)/(-5)*-2.
19
Let k(h) = 2*h**2 - 4*h - 16. What are the prime factors of k(9)?
2, 5, 11
Let o = 160 + -113. Let t = 66 - o. List the prime factors of t.
19
Let l be -2 + 0 + 11/1. Suppose 2 = 3*u - 1. List the prime factors of (l/4)/(u/4).
3
Let q be 4/22 + 1314/33. Suppose 3*i - q = i. What are the prime factors of i?
2, 5
Let n = -10 - -18. Let h = 24 - n. What are the prime factors of h?
2
Suppose 0*k = -5*k + 195. List the prime factors of k.
3, 13
Suppose 19*i = 21*i - 544. List the prime factors of i.
2, 17
Let d be 1/((-2)/(-4)) - 0. Let v(s) = -s**3 + 3*s**2 - 2*s + 1. Let o be v(d). What are the prime factors of o + 9/(-1 + 2)?
2, 5
Let m(n) = -n**3 + 6*n**2 + 9*n + 1. Let w be m(7). Suppose -2*x = -5*x + w. Suppose 5*t - 70 = -x*u, -3*u + 6*t + 50 = t. What are the prime factors of u?
3, 5
Suppose -10 = -5*o, 3*g + 3*o = -g - 6. Let b be g/(-4) + 4/16. What are the prime factors of b*(0 + 1)*3?
3
Suppose -4*b + 394 = 118. List the prime factors of b.
3, 23
Suppose 0 = -5*d + 10. Suppose -4*u + 20 = -d*u. What are the prime factors of u?
2, 5
Let y(u) = 2*u**2 + u. Let j be y(-1). Suppose 2*v = j + 7. What are the prime factors of v?
2
Let o = 4 + -1. Suppose -o*n = -15, -2*n + 2 = -0*w - 4*w. Suppose 21 = -f + w*f. List the prime factors of f.
3, 7
Suppose -3*l - 5*d + 13 = 0, 0 = l + 2*d - 4*d - 8. Let t = l - -9. What are the prime factors of t?
3, 5
Let g(i) = -i**2 + 7*i + 10. Let z(j) = 1. Let t(k) = -g(k) + 5*z(k). Let m be t(8). Let a = m - -4. List the prime factors of a.
7
Suppose 2 = m - 1. Suppose 0*y = -m*y + 24. What are the prime factors of y?
2
Let u be -12*(-1 - 20/16). Let w = u + -9. What are the prime factors of w?
2, 3
Suppose -2*i = -5*n - 22, i + 2*n = -n. Suppose 2*q - 26 + i = 0. List the prime factors of q.
2, 5
Suppose 0 = -5*o + 8*o - 132. What are the prime factors of o?
2, 11
Suppose 5*j = 5, -x + j + 2 + 2 = 0. Suppose -26 - 24 = -x*a. What are the prime factors of a?
2, 5
Suppose -1 = -2*g + q + 13, -g + 4*q = -7. Let z(t) = 2*t - 10. Let k be z(g). Let j = k + 3. What are the prime factors of j?
7
Let a(y) = y - 5. Let l be a(5). Suppose -3*d - 4*q + 69 = l, q + q = 5*d - 89. List the prime factors of d.
19
Let p = 16 + -11. Let y(a) = a**3 - 3*a**2 - 7*a + 1. Let d be y(p). Suppose r + 2 = d. What are the prime factors of r?
2, 7
Suppose 0 = -0*b + 3*b - 63. Let o = b - -9. Suppose -2*x + 34 = 4*g, 3*x = -2*x + g + o. What are the prime factors of x?
7
Let m(d) = d**2 + 10*d + 3. Let s be m(-10). Suppose 11 = 2*r - s. List the prime factors of r.
7
Let c(u) be the third derivative of u**4/8 - 5*u**3/6 - 2*u**2. Let z(x) = x. Let s(w) = -c(w) + 2*z(w). What are the prime factors of s(3)?
2
Suppose -5*r - 15 = -0, -3*r - 21 = -3*y. Let k be (-6 + 3)*y/(-6). List the prime factors of 12/8*4/k.
3
Let i = 4 + -1. Suppose 0 = -i*u + u + 20. What are the prime factors of u?
2, 5
Let u(m) be the third derivative of 1/24*m**4 - 1/2*m**3 + 0*m + 0 - 2*m**2. What are the prime factors of u(6)?
3
Let b = -11 + 5. Let o be 27/6 - (-3)/b. Suppose o*g - 9*g = -30. List the prime factors of g.
2, 3
Suppose 0*b - 7*b = 0. Suppose b = j - 48 + 10. What are the prime factors of j?
2, 19
Let v = 646 - 271. What are the prime factors of v?
3, 5
Suppose 4*i - 5*z = 2 + 46, -5*z = 5*i - 15. Suppose 0 = 4*p - i*p + 132. Suppose -3*m + 5*b + 4 = 0, 2*b - p = -4*m - b. List the prime factors of m.
2
Let t(w) = 5 + w**2 - 4*w - w**3 - 3*w + 5*w**2. What are the prime factors of t(4)?
3
Let t = -5 - -1. Suppose 5*m - 4*w = 18, 0 = -3*m + 4*w + 10 - 4. Let f = m + t. What are the prime factors of f?
2
What are the prime factors of (32/6)/((-3)/(-108))?
2, 3
Let i(x) = -x**2 + 2*x - 1. Let o be i(3). Let m(h) be the third derivative of -h**4/12 + h**3/3 + h**2. List the prime factors of m(o).
2, 5
Suppose 0 = 2*u + 2*o - 7 + 1, 10 = 2*u + o. Suppose 77 = 4*p + 5. Let c = p - u. List the prime factors of c.
11
Let t = -14 + 20. Let z be (-4 + 6)*(1 + -3). Let p = t + z. What are the prime factors of p?
2
Let t be 27/5 - 18/45. Suppose 2*c - 5*s = c + 42, -t*c = -5*s - 250. List the prime factors of c.
2, 13
Let z be (-1 - 2*-10) + 1. Suppose 3*w + w - z = 0. Suppose -w*c - 5*r - 9 + 34 = 0, -24 = -2*c + 5*r. List the prime factors of c.
7
Let y(f) = f - 11. Let a be y(0). Let n be -1 + (a - -1) + 2. List the prime factors of 16/6 + 6/n.
2
Suppose -k - u + 198 = -0*u, 5*u + 810 = 4*k. List the prime factors of k.
2, 5
Let b(a) = 4*a. Suppose 3*x = -5*o + 39, 3*o + 13 = 2*x + 44. What are the prime factors of b(o)?
2, 3
Suppose -3*y +